s of 86087.
31, 2777
What are the prime factors of 870?
2, 3, 5, 29
List the prime factors of 1540.
2, 5, 7, 11
What are the prime factors of 4367?
11, 397
List the prime factors of 10021.
11, 911
List the prime factors of 1407.
3, 7, 67
What are the prime factors of 32359?
32359
List the prime factors of 11760.
2, 3, 5, 7
What are the prime factors of 40?
2, 5
What are the prime factors of 28403?
28403
What are the prime factors of 24704?
2, 193
What are the prime factors of 2803?
2803
List the prime factors of 40187.
7, 5741
List the prime factors of 388.
2, 97
What are the prime factors of 16935?
3, 5, 1129
List the prime factors of 686.
2, 7
List the prime factors of 136741.
11, 31, 401
What are the prime factors of 16035?
3, 5, 1069
List the prime factors of 152251.
11, 13841
What are the prime factors of 75727?
41, 1847
What are the prime factors of 22778?
2, 7, 1627
List the prime factors of 14403.
3, 4801
List the prime factors of 330.
2, 3, 5, 11
List the prime factors of 21027.
3, 43, 163
List the prime factors of 9219.
3, 7, 439
List the prime factors of 1509.
3, 503
List the prime factors of 330.
2, 3, 5, 11
List the prime factors of 2036.
2, 509
What are the prime factors of 2543?
2543
What are the prime factors of 1170?
2, 3, 5, 13
List the prime factors of 8206.
2, 11, 373
What are the prime factors of 62274?
2, 3, 97, 107
List the prime factors of 8065.
5, 1613
List the prime factors of 44.
2, 11
What are the prime factors of 4294?
2, 19, 113
What are the prime factors of 3865?
5, 773
List the prime factors of 991.
991
What are the prime factors of 201?
3, 67
What are the prime factors of 84080?
2, 5, 1051
List the prime factors of 1027.
13, 79
What are the prime factors of 22047?
3, 7349
What are the prime factors of 239?
239
List the prime factors of 59621.
59621
List the prime factors of 22199.
79, 281
List the prime factors of 1235.
5, 13, 19
What are the prime factors of 350?
2, 5, 7
What are the prime factors of 1219?
23, 53
List the prime factors of 143843.
7, 20549
What are the prime factors of 62906?
2, 71, 443
What are the prime factors of 773?
773
What are the prime factors of 80463?
3, 26821
List the prime factors of 70408.
2, 13, 677
List the prime factors of 681.
3, 227
List the prime factors of 133030.
2, 5, 53, 251
What are the prime factors of 4556?
2, 17, 67
List the prime factors of 11296.
2, 353
What are the prime factors of 624?
2, 3, 13
List the prime factors of 618.
2, 3, 103
List the prime factors of 12585.
3, 5, 839
What are the prime factors of 18790?
2, 5, 1879
What are the prime factors of 4297?
4297
What are the prime factors of 75?
3, 5
What are the prime factors of 4968?
2, 3, 23
List the prime factors of 8582.
2, 7, 613
What are the prime factors of 44151?
3, 14717
List the prime factors of 6026.
2, 23, 131
List the prime factors of 174.
2, 3, 29
List the prime factors of 780.
2, 3, 5, 13
What are the prime factors of 62330?
2, 5, 23, 271
List the prime factors of 3793.
3793
List the prime factors of 3411.
3, 379
List the prime factors of 4627.
7, 661
List the prime factors of 88996.
2, 19, 1171
What are the prime factors of 560?
2, 5, 7
List the prime factors of 882.
2, 3, 7
What are the prime factors of 2082?
2, 3, 347
List the prime factors of 30067.
107, 281
What are the prime factors of 9728?
2, 19
List the prime factors of 989.
23, 43
What are the prime factors of 24791?
13, 1907
What are the prime factors of 2450?
2, 5, 7
List the prime factors of 122.
2, 61
List the prime factors of 32395.
5, 11, 19, 31
What are the prime factors of 31697?
29, 1093
List the prime factors of 4286.
2, 2143
List the prime factors of 966.
2, 3, 7, 23
What are the prime factors of 5428?
2, 23, 59
List the prime factors of 3435.
3, 5, 229
List the prime factors of 74683.
7, 47, 227
List the prime factors of 121464.
2, 3, 7, 241
What are the prime factors of 1234?
2, 617
List the prime factors of 2600.
2, 5, 13
List the prime factors of 35073.
3, 433
What are the prime factors of 3126?
2, 3, 521
What are the prime factors of 4838?
2, 41, 59
List the prime factors of 485.
5, 97
What are the prime factors of 20662?
2, 10331
List the prime factors of 56612.
2, 14153
What are the prime factors of 42681?
3, 41, 347
List the prime factors of 27264.
2, 3, 71
What are the prime factors of 23482?
2, 59, 199
What are the prime factors of 102729?
3, 11, 283
List the prime factors of 1311.
3, 19, 23
What are the prime factors of 18255?
3, 5, 1217
What are the prime factors of 203?
7, 29
What are the prime factors of 7136?
2, 223
List the prime factors of 1389.
3, 463
List the prime factors of 36344.
2, 7, 11, 59
What are the prime factors of 2776?
2, 347
What are the prime factors of 3054?
2, 3, 509
List the prime factors of 853.
853
List the prime factors of 372.
2, 3, 31
List the prime factors of 53692.
2, 31, 433
What are the prime factors of 17522?
2, 8761
List the prime factors of 1122.
2, 3, 11, 17
List the prime factors of 2751.
3, 7, 131
What are the prime factors of 687?
3, 229
List the prime factors of 1152.
2, 3
List the prime factors of 17680.
2, 5, 13, 17
List the prime factors of 68779.
109, 631
What are the prime factors of 16466?
2, 8233
List the prime factors of 4175.
5, 167
List the prime factors of 3660.
2, 3, 5, 61
What are the prime factors of 4934?
2, 2467
What are the prime factors of 33482?
2, 16741
What are the prime factors of 582?
2, 3, 97
What are the prime factors of 5211?
3, 193
What are the prime factors of 514?
2, 257
What are the prime factors of 142634?
2, 71317
List the prime factors of 10370.
2, 5, 17, 61
What are the prime factors of 134?
2, 67
What are the prime factors of 2098?
2, 1049
List the prime factors of 2854.
2, 1427
What are the prime factors of 35227?
35227
List the prime factors of 29211.
3, 7, 13, 107
What are the prime factors of 16532?
2, 4133
What are the prime factors of 26140?
2, 5, 1307
List the prime factors of 17533.
89, 197
What are the prime factors of 612?
2, 3, 17
What are the prime factors of 8666?
2, 7, 619
What are the prime factors of 22921?
22921
List the prime factors of 53618.
2, 17, 19, 83
What are the prime factors of 43330?
2, 5, 7, 619
What are the prime factors of 10705?
5, 2141
What are the prime factors of 4327?
4327
List the prime factors of 13497.
3, 11, 409
What are the prime factors of 18580?
2, 5, 929
List the prime factors of 271.
271
What are the prime factors of 3952?
2, 13, 19
List the prime factors of 8855.
5, 7, 11, 23
List the prime factors of 991.
991
What are the prime factors of 692?
2, 173
What are the prime factors of 835?
5, 167
List the prime factors of 4540.
2, 5, 227
What are the prime factors of 97895?
5, 7, 2797
List the prime factors of 9145.
5, 31, 59
List the prime factors of 658.
2, 7, 47
List the prime factors of 10286.
2, 37, 139
What are the prime factors of 10941?
3, 7, 521
What are the prime factors of 586?
2, 293
What are the prime factors of 18800?
2, 5, 47
List the prime factors of 1622.
2, 811
What are the prime factors of 2058?
2, 3, 7
List the prime factors of 1014.
2, 3, 13
What are the prime factors of 1159?
19, 61
What are the prime factors of 127?
127
What are the prime factors of 1737?
3, 193
List the prime factors of 4353.
3, 1451
List the prime factors of 20616.
2, 3, 859
List the prime factors of 33770.
2, 5, 11, 307
What are the prime factors of 45910?
2, 5, 4591
What are the prime factors of 1614?
2, 3, 269
List the prime factors of 66.
2, 3, 11
What are the prime factors of 326?
2, 163
List the prime factors of 26483.
71, 373
What are the prime factors of 997?
997
List the prime factors of 8893.
8893
List the prime factors of 15388.
2, 3847
What are the prime factors of 3919?
3919
List the prime factors of 50764.
2, 7, 37
What are the prime factors of 1575?
3, 5, 7
What are the prime factors of 31678?
2, 47, 337
List the prime factors of 2938.
2, 13, 113
List the prime factors of 65929.
65929
What are the prime factors of 4718?
2, 7, 337
What are the prime factors of 1640?
2, 5, 41
What are the prime factors of 2873?
13, 17
What are the prime factors of 1470?
2, 3, 5, 7
List the prime factors of 1355.
5, 271
What are the prime factors of 44916?
2, 3, 19, 197
List the prime factors of 232.
2, 29
